7 + -191. Let b = k + -300. Calculate the remainder when 95 is divided by b.
5
What is the remainder when (-7)/(-224)*-8 + (-1541)/(-4) is divided by 132?
121
Calculate the remainder when 3335 is divided by (-23 - -308)/(18/4) + 3/(-9).
59
Suppose -170*f + 163*f + 9289 = 0. Calculate the remainder when f is divided by 19.
16
Let o(j) be the first derivative of -2*j**3/3 - 3*j**2/2 + 29*j + 14. Let g be o(7). Let s = g - -125. What is the remainder when 102 is divided by s?
32
Let w(c) be the second derivative of -7*c**3/3 - 7*c**2/2 + 67*c. What is the remainder when w(-3) is divided by 13?
9
Let n = -10 - -13. Let q(s) = s**3 - 4*s**2 + 4*s - 4. Let l be q(n). What is the remainder when 75 is divided by (-4)/l + 12/1?
11
Let q = -408 - -412. Suppose -o + 7 = b, -q*b + 5*o - 20 = -6*b. Calculate the remainder when 126 is divided by b.
1
Let q(k) = k**3 + 62*k**2 - 134*k - 164. Calculate the remainder when 422 is divided by q(-64).
202
Suppose -v - 15*z + 12*z = -564, 4*z = -v + 562. Calculate the remainder when 2305 is divided by v.
25
Suppose 3*u - 23*i = -25*i + 151, -204 = -4*u - 4*i. Calculate the remainder when 488 is divided by u.
47
Let p(r) = 5*r**3 + r**2 + 4*r + 11. Let m(z) = 11*z**3 + z**2 + 9*z + 22. Let g(k) = 6*m(k) - 13*p(k). What is the remainder when g(7) is divided by 1?
0
Let y be 108/16*8/3. Let h = y + -2. Let d(a) = -33*a + 872. Calculate the remainder when d(25) is divided by h.
15
Let m = -143 + 147. Let k(d) = d**2 + d - 17. Calculate the remainder when 0*1/2 - -5 is divided by k(m).
2
Let f = 833 - 833. Suppose f = -5*s + 10, z - 5*s + 45 = 47. What is the remainder when 53 is divided by z?
5
Let m(d) = d - 6. Let r = -34 + 49. Let l be 283/15 - (13/r + -1). What is the remainder when 102 is divided by m(l)?
11
Suppose 10423 = 4*u - 5*o, 3515 = 5*u - 4*o - 9516. Calculate the remainder when u is divided by 18.
15
Suppose -2*l = 2*d - 3*l - 4, -2*d + 10 = -4*l. Suppose -5*q = -2*h - 14, -3 = -2*q + d. What is the remainder when 47 is divided by ((-3)/(9/(-12)))/((-1)/h)?
7
Let p(z) = z**3 - 13*z**2 + z - 10. Let x = 86 + -82. Calculate the remainder when x is divided by p(13).
1
Let n = 127 - 38. Let b(r) = -r**3 - 5*r**2 - 6*r + 5. Suppose 3*q = -4*a - 12, 5*q + 0*a + 20 = 2*a. What is the remainder when n is divided by b(q)?
11
Let c be (-2)/(-6)*(19 - -2). Suppose -5 - c = -4*x. What is the remainder when (-14 - 69/(-6))/((-2)/12) is divided by x?
0
Let o = 14402 - 13651. Calculate the remainder when 2274 is divided by o.
21
Let j(k) = 7*k + 12 - 3*k - 2*k. Let n be j(-11). Let m(h) = -2*h**3 - 21*h**2 - 12*h - 15. What is the remainder when 23 is divided by m(n)?
3
Let v(a) = a + 16. Let u = 133 - 122. Let l be (26/(-4))/(u/22). Calculate the remainder when 9 is divided by v(l).
0
Let n(h) = h**2 + 110*h + 582. Calculate the remainder when 15330 is divided by n(-5).
54
Let k = 27 - -9. Suppose -110*o + 827*o = -143*o + 115240. What is the remainder when o is divided by k?
26
Suppose 4*o - 84 - 9 = w, -25 = -o + 2*w. Suppose 5*d + 4*b = o, 3*d + 0*b + b - 11 = 0. Calculate the remainder when 55 is divided by d.
1
Calculate the remainder when 2787 is divided by (-3064)/(-34) + (-19 - 642/(-34)).
87
Let p = -383 + 405. Let b(f) = f + 11. Let g be b(-6). Suppose -w = g*j - 35, -5*w = -3*j + j + 41. Calculate the remainder when p is divided by j.
6
Suppose -3*p + 15 = 3*d, -39 = -3*p - 3*d + 6*d. Suppose p*u = 7*u - 3*c + 51, -c + 27 = u. Calculate the remainder when 234 is divided by u.
24
Let y = 1333 + -1315. Calculate the remainder when 152 is divided by y.
8
Suppose 12*k = h + 8*k - 27, 5*h + 5*k - 210 = 0. Suppose q + 0*q = -b + 39, q = -2*b + h. Calculate the remainder when 154 is divided by q.
37
Suppose -255096 = -44*f - 10*f. What is the remainder when f is divided by 15?
14
What is the remainder when 7580 is divided by ((-777)/185)/((-1)/5)?
20
Let c = -301 - -197. Let k = 171 + c. What is the remainder when k is divided by 14?
11
Let v = -281 + 282. What is the remainder when 31 is divided by 10/(-4 - -5) + (2 - v)?
9
Let n(o) = -10*o + 2. Let h be n(0). What is the remainder when 207 - (30/(-10) + h) is divided by 36?
28
Suppose 5*z - 912 = -3*x, -x - z + 284 = 4*z. Calculate the remainder when x is divided by 41.
27
Suppose 20*b + 957 = 8597. What is the remainder when b is divided by 64?
62
Let m = -238 - -287. Let h = 62 + m. Calculate the remainder when h is divided by 28.
27
Let y(g) = 395*g - 1854. Calculate the remainder when y(5) is divided by 60.
1
Suppose 3*r + 108 + 15 = 3*f, f - 26 = 4*r. Let v(i) = 36 - 64 + 64 - 11*i + i**2. What is the remainder when f is divided by v(8)?
10
Suppose 23 - 127 = -w. Let t = w - 49. Suppose 0 = -39*p - 453 + 1584. What is the remainder when t is divided by p?
26
Let t(m) = 13 - 105*m + 4 - m**2 + 100*m. Let v be t(-7). Suppose -f + 19 = n + 3*n, 0 = v*f + 2*n - 27. Calculate the remainder when 27 is divided by f.
6
Suppose 0 = 22*k + 12*k - 10982. What is the remainder when k is divided by 7?
1
Suppose 856*i = 827*i + 16617. Calculate the remainder when i is divided by 285.
3
Suppose -y = -13*y + 144. Suppose -4*c = -7*c + 39. Let o(s) = 2*s - 3. Calculate the remainder when o(c) is divided by y.
11
Let d(w) = w**3 - 16*w**2 + 5*w - 36. Let b be d(15). Let n = b - -362. What is the remainder when n is divided by 30?
26
Let d(a) = 22*a + 43*a - 16*a - 4 - 13 + a**3 - 26*a**2. Calculate the remainder when 104 is divided by d(24).
6
Suppose 11 + 2 = 2*s + n, -n - 3 = -2*s. Suppose -4*p - p = -s*d + 163, 3*d - 3*p - 120 = 0. What is the remainder when (-146 - 0)*(-1 + 0) is divided by d?
35
Let b(k) = 4*k**2 + 31*k + 106. Calculate the remainder when 2207 is divided by b(-7).
82
Let p be (-90)/(-4)*(-26)/(-39). Suppose 0 = p*w + 9*w - 1776. Calculate the remainder when w is divided by 30.
14
Suppose -2*g + 12 = 5*m, -5*m + 15 + 9 = -g. Let d(a) = 8*a**2 - 4*a - 83. Let z be d(8). Let q = 419 - z. Calculate the remainder when q is divided by m.
2
Let w(f) = 9*f - 690. Let i(g) = -3*g + 276. Let p(t) = 12*i(t) + 5*w(t). Calculate the remainder when p(33) is divided by 32.
31
Suppose 1143*f = -550 + 3979. Let p = -2 - -4. What is the remainder when 8/12*33/p is divided by f?
2
Let z(f) = -3*f**3 - 2*f**2 - 2*f - 1. Suppose -i = 2*d - 5, 0*i = -i - 4*d + 1. Let s(b) = 2*b - 13. What is the remainder when z(-2) is divided by s(i)?
4
Suppose -a = 5*n + 3*a - 1142, 2*a = 3*n - 694. What is the remainder when n is divided by (-202)/(-6) + (-22)/6 + 3?
32
Suppose 5*c - 30 - 5 = 0. Let s(w) = w**2 - 6*w + 21. Suppose 11*u - 59 + 15 = 0. Calculate the remainder when s(u) is divided by c.
6
Let f(r) = 2*r**2 + 29*r + 22. Let d be f(-6). Let b(y) = -y**2 + 7*y - 6. Let m be b(4). Let h = m - d. Calculate the remainder when h is divided by 29.
28
Let h be (13 - (-481)/(-39))*9/2. Suppose -h*u + 226 + 50 = 0. What is the remainder when u is divided by 19?
16
Let c(o) = 2*o**3 - 23*o**2 + 133*o - 3929. What is the remainder when c(24) is divided by 8?
7
Let s(k) = -3*k + 9. Suppose 0 = 39*o - 34*o - 215. Let p = o - 49. What is the remainder when 62 is divided by s(p)?
8
Let j = 8605 + -8591. Let a(b) = b**3 + 8*b**2 + 6*b + 2. What is the remainder when a(-6) is divided by j?
10
Let l = 2723 + -2709. What is the remainder when 2911 is divided by l?
13
Let i be ((-2196)/24)/(3/6). Let q = i - -197. Calculate the remainder when 69 is divided by q.
13
What is the remainder when (-5 + 14 + 1391 - -11) + (1 - 1) is divided by 699?
13
Let a = 10528 - 10126. Calculate the remainder when a is divided by 94.
26
Let p(g) be the third derivative of 1/8*g**4 + 45*g**2 + 0 - 10/3*g**3 + 0*g. Calculate the remainder when 87 is divided by p(10).
7
Suppose -12078 + 33381 = 27*d. What is the remainder when d is divided by 129?
15
Suppose 28*z - 33*z - 5*y = -1335, -5*z - y + 1351 = 0. What is the remainder when z is divided by 145?
126
Let w be 44/10 - (-2 - (-42)/30). Suppose -w*t + d + 4646 = 0, -d = 3*t + 787 - 3573. What is the remainder when t is divided by 49?
47
Calculate the remainder when (2/6 + (-2134250)/1500)*2/(-5) is divided by 124.
73
Let h(g) = 246. Let u(d) = -6*d. Let f(c) = h(c) + 5*u(c). What is the remainder when ((-170)/(-4) - -2)*4 is divided by f(7)?
34
Let d be (1 + 